9 - -20).
0
Calculate -12 - (-8 + 15) - -11.
-8
Calculate -9 - -9 - (0 + 6) - -1.
-5
Evaluate -8 - (5 - 6) - -3.
-4
What is -3 + ((-3 - -7) + -2 - -6)?
5
What is the value of 41 - 41 - (-4 + -1 + 1)?
4
Calculate 0 - (1 - (-8 + 16)).
7
Evaluate (6 - 10) + 12 + -3.
5
What is 6 + -7 + -2 + 6 - 8?
-5
Calculate -2 + (-3 + 3 - 2).
-4
What is 2 + 1 + -2 - (213 - 221)?
9
-2 + -4 + 9 + 2
5
What is the value of (-4 + 13 - (-2 + 7)) + -4?
0
What is -1 + 9 + -11 + 1 + 2?
0
3 - (5 - -2) - -2
-2
Calculate -13 - (-6 - (23 + -6)).
10
Calculate 2 - 1 - (-3 - -8) - -7.
3
5 + -2 + (4 + -2 - 1)
4
4 + -5 - 4 - (-11 - -8)
-2
What is -7 - (0 + 6 + -14)?
1
6 + (-6 - (-3 + 2))
1
What is the value of (-19 - -22) + -5 + -1 + 0?
-3
Evaluate 3 - (0 - -2) - (3 + -9).
7
Calculate 2 - (1 - (-3 + 4)).
2
What is the value of -1 + 11 + -1 - (-5 - -9)?
5
Calculate 10 - 16 - (5 + -10).
-1
What is 4 + 5 - (0 - -2 - -2)?
5
What is -3 - (-1 - (-2 - -3)) - 1?
-2
What is the value of -3 - (2 + -8) - (1 - -1)?
1
What is -13 - (-3 - 0 - 12)?
2
Calculate (0 - 11) + (-18 - -19) - -2.
-8
Evaluate 9 - (-8 + (21 - 6) + -5).
7
Calculate 1 - (0 + 6 + -2 + -1).
-2
4 + (0 - (5 - 5)) + 0
4
Evaluate (-14 - (-3 + -4)) + 1 + 7.
1
What is the value of -3 + 5 - (4 + -4 + -3)?
5
What is the value of 7 + (5 - 5) + -5?
2
What is 2 - (21 - 16 - (-1 + 2))?
-2
Calculate 0 - (4 + -7 + -2 + 0).
5
Calculate -1 + -1 + -2 + (0 - -3).
-1
What is the value of (-10 + -7 - -8) + 4?
-5
Calculate -1 - (6 - 4 - 8).
5
What is 4 + -5 - (20 - 15)?
-6
Calculate 5 - (-2 + 9) - -4.
2
Calculate -7 - (-9 + (-7 + 8 - 9)).
10
What is -12 + 25 + -12 - -2?
3
2 - -2 - (1 + -3 + 6)
0
Calculate 3 + 1 + -12 + 8.
0
Evaluate 3 - (2 + (0 - -3)).
-2
Calculate 6 - (3 + 5 - 3).
1
Calculate (1 - 2) + (-21 - -16) - -4.
-2
What is the value of -8 - (2 + 3 - 9)?
-4
What is the value of 0 + 1 + 1 - -3?
5
(-11 - -17) + -8 - (-2 + 2)
-2
What is 2 + 0 - (6 + -8)?
4
What is (-17 - -3 - (-7 + 5)) + 3?
-9
3 + 1 + -2 + 1
3
What is the value of (-6 - -2) + 1 + 4?
1
(1 - 6) + (-2 - -10)
3
What is 6 - (-6 + 3 + 0 + 5)?
4
What is the value of 36 + -31 + (-13 - -1) + 2?
-5
Calculate -4 + -2 + (-9 + 7 - -1).
-7
4 - (7 - (-2 + 2))
-3
Calculate -3 + 1 - (-2 - (-1 + -4)).
-5
Evaluate 3 - (3 - 4) - (-5 + 14).
-5
What is -5 + -1 + 0 + 3?
-3
-14 + -3 - -15 - (0 - 1)
-1
Calculate (9 - 24 - -5) + 11.
1
Calculate (0 - 2) + (-6 - -9) + -1.
0
Evaluate (-1 - -2) + (9 - 12).
-2
Calculate -38 + 29 + 13 + 1.
5
What is the value of 1 - (-7 - -4) - 6?
-2
What is the value of 3 - (2 + -1 + 0 + 3)?
-1
0 - 1 - (-14 - -23) - -6
-4
What is the value of (-2 - (1 - -2)) + 2 + 0?
-3
What is the value of 0 - (13 - (-1 + 10))?
-4
Calculate -9 + (-6 - -11) - -4.
0
0 + -2 - (-1 + -2)
1
What is 0 + 4 + -8 + 3?
-1
Evaluate 1 + 0 + 0 + -2 + 2.
1
Evaluate -2 + -8 + (24 - 8) + -2.
4
What is the value of 11 - (3 - (-1 - 3))?
4
Calculate -4 - -15 - (-1 + -1 + 7).
6
(18 - 11) + -4 + -7
-4
What is the value of 1 - (-1 - 2) - (16 + -14)?
2
What is the value of -4 + 6 + 6 + 1?
9
0 - (-1 + 1 + 1 + -2)
1
Calculate 1 + 0 + (1 - 5).
-3
Calculate -7 - (-1 - (3 - -6)).
3
Calculate 2 + (-4 + 5 - 2).
1
0 + -3 - -5 - -1
3
What is the value of 14 + -21 + 3 + 0?
-4
Evaluate -60 - -61 - (0 - (-1 - 2)).
-2
Evaluate -1 - (0 + (4 - 7)).
2
What is -1 - (0 + 3 + 0) - 2?
-6
What is the value of 7 - (4 - -9) - -3?
-3
2 - (-1 - (-3 - -6) - -5)
1
Evaluate -1 - -3 - 13 - (-5 + 0).
-6
-9 - (4 - (10 + -2))
-5
What is -2 + -3 + -2 + (2 - -1)?
-4
What is (-8 - -6) + 5 + -8?
-5
-10 - ((2 - -2 - 7) + -1)
-6
What is the value of -1 - (2 - (0 + 0 + 0))?
-3
Evaluate (0 - 12 - -14) + (-2 - -6).
6
What is the value of 6 - (9 - 4) - (2 + 0)?
-1
What is (-1 - (-3 - 1)) + -4?
-1
Calculate (0 - ((1 - 2) + -4)) + -10.
-5
(-6 - -6) + -20 + 19
-1
Evaluate 208 + -220 - (0 + -4).
-8
Evaluate (-2 + 1 - 1) + -2 + 0.
-4
6 - (-4 + -4 - -11)
3
What is the value of -225 + 229 + -9 + (-2 - 0)?
-7
What is 1 + (2 - (2 - (1 + -1)))?
1
What is -6 + -1 + 13 - 2?
4
What is the value of 0 + 1 - (-4 + 8 + -3)?
0
(-2 - (-2 - -2)) + (-2 - -4)
0
(2 - 9) + (8 - 2)
-1
0 - (1 + -7 + 11)
-5
-2 + 2 + (-1 - -1)
0
Calculate -1 - (3 + (-4 - -5)).
-5
Evaluate 1 - 1 - 7 - (-46 - -40).
-1
What is (-2 + 6 - 14) + 17?
7
-2 + 7 + -6 + -5
-6
Calculate 0 + 1 + (4 - (3 - -4)).
-2
What is 4 - (8 + 3 + -4)?
-3
Calculate -27 + 25 + 0 + 1 + -3.
-4
What is (18 - 10 - 10) + (-2 - 0)?
-4
What is (8 - 1) + (0 - (3 - 1))?
5
What is (6 - (16 - 2) - -6) + 1?
-1
Evaluate -11 + 3 + 7 + 4 + 1.
4
Evaluate 1 - (18 - 10 - 1).
-6
What is (12 + -14 - -5) + -5?
-2
(-15 - -15) + -6 - (0 + -7)
1
Evaluate 3 + -6 + (2 - -5) + -13.
-9
Evaluate (11 + -3 - 5) + -3.
0
Evaluate -4 + 9 + -7 - -3.
1
Evaluate -4 - (-2 + 4 + 2 + -8).
0
(-7 - -4) + (5 - -1)
3
What is the value of (3 - 1) + 2 + -8 - -5?
1
-1 + -2 + 4 + 13 + -9
5
What is the value of (2 - 0) + (6 - 9 - -2)?
1
Evaluate 7 + -22 - -8 - -10.
3
Evaluate -2 - (4 - 0 - (3 + 1)).
-2
-3 - (-1 - (8 - 0))
6
Evaluate -7 + 1 - (-2 + -2 + 2).
-4
What is -50 - -45 - (-7 + 0 + 2)?
0
What is (7 - (2 - (0 - 1))) + 2?
6
Evaluate 1 - (3 + -3 + 7) - -6.
0
What is -4 - ((-3 - -6) + -5)?
-2
Evaluate 1 - (11 + (0 - -2 - 6)).
-6
What is 1 + -9 - -1 - -4?
-3
6 - (-14 + 14 + (0 - -9))
-3
Calculate -6 + (18 - (7 - 1)) - 13.
-7
-5 - (5 - 6) - 1
-5
Evaluate -4 + -4 + 2 - (-9 - -6).
-3
Evaluate 3 + -1 + (-1 - 2 - -3).
2
What is (0 + -2 - (-4 + 0)) + -6?
-4
What is -12 + 1 - (-163 + 150)?
2
What is the value of (4 - -2) + 6 + -7 - 1?
4
What is the value of -8 - -12 - (6 + 0)?
-2
Calculate (14 - (1 + 9)) + -14 + -1.
-11
Evaluate 0 + 1 - (2 - (-1 - 0)).
-2
3 + -3 + 2 + -2
0
Calculate -6 - (1 - 2) - -12.
7
What is the value of -8 + (7 - (-4 + -1) - 6)?
-2
Evaluate -2 - -8 - (1 - -5) - -5.
5
-16 + 15 + -6 + 2
-5
Calculate 45 + -44 + (0 - 7) + -2.
-8
What is the value of -6 - (5 + -5 - 7)?
1
What is the value of 2 + -7 + (5 - 3)?
-3
Calculate 19 - 1 - (0 - -9).
9
What is -1 + -4 + (-34 - -17) + 18?
-4
Calculate -4 - (-2 + -1) - -8 - 13.
-6
What is 4 - (-5 - 1 - -9)?
1
What is 6 + 8 + -20 + 5?
-1
What is (0 + -10 - -4) + 3?
-3
(1 - 2) + 5 + 1
5
(-9 - -4) + 9 + -1
3
What is -24 + 28 - (1 + 0)?
3
What is the value of 5 + (3 - (4 + 3 + -1))?
2
What is 0 - (1 + 5) - 0?
-6
What is -17 + 3 - (0 + -17 + 10)?
-7
Calculate 4 + -6 - 6 - -6.
-2
Evaluate 7 - (-1 + 2 + 2 + 1).
3
Evaluate 2 - (-2 + 3 + 0) - 0.
1
What is the value of 6 + (-7 - -20 - 7) + -8?
4
Calculate 3 + (-11 - -12) - (7 + -2).
-1
Evaluate -7 - -3 - (2 + -3) - -1.
-2
-4 + (-3 - -5) - (-11 - -3)
6
0 - (-3 + 2 + -3 + 0)
4
What is the value of (-3 - -6) + (-3 - 1)?
-1
(0 - -4) + (-7 - -7) + -4
0
Evaluate -4 + (-12 - -5) + 8.
-3
What is 3 + (0 - 3 - 1 - 2)?
-3
(3 - 8) + (1 - -11)
7
Evaluate 2 + 9 + -14 + 11.
8
Calculate 37 + -44 - (-5 - 0).
-2
What is the value of (-3 + 3 - -1) + -1 - 3?
-3
-5 + (-3 - (6 + -14 + 3))
-3
-9 - (-4 - 14 - -5)
4
Calculate -7 + 10 + -4 + 1 - 3.
-3
-6 - (0 + 7 - 12)
-1
Evaluate -4 + 10 + -10 + (0 - 4).
-8
Calculate -8 - (-21 - (-10 + 0)).
3
2 + 4 + -2 + -3
1
0 + (6 - 1 - 0)
5
What is 5 - (-2 - -2) - 3?
2
What is -3 - (36 + -45 - (-1 + -4))?
1
-2 + 10 + -5 + -2
1
2 + -4 + -4 + (2 - -3)
-1
Evaluate 6 + -11 + -3 + 7 - 3.
-4
Calculate -1 + -1 + -69 + 69.
-2
What is the value of 50 + -46 - (-1 + 1 - 6)?
10
Calculate (-1 - -1) + -5 - -2.
-3
Evaluate -1 - (-1 + 2 + 12 + -9).
-5
-4 + 1 + 7 + -1
3
-3 - (2 - 10 - (-3 + 4))
6
Evaluate -6 - (-11 + 8) - -2.
-1
Calculate 10 + -1 - (-28 - -29).
8
What is -4 + 5 + -20 + 7 - -8?
-4
What is (3 + -13 - -8) + 13?
11
Calculate (-7 - 0 - -16) + -8.
1
Evaluate 16 + -8 + -9 - (0 + 3).
-4
Evaluate -2 + (0 - (4 - 16)).
10
-4 - (0 + 2 + -2 + -7)
3
What is 7 - (-1 + -9) - 10?
7
What is -6 + -5 + 11 + -1?
-1
Calculate 0 - (0 - -2 - 3).
1
What is the value of (-5 - (-3 + 2 - 4)) + 3?
3
Evaluate -2 + -9 - -5 - -3.
-3
What is 5 - (-2 + 13 + -3 + -2)?
-1
Evaluate 20 - 0 - 9 - 7.
4
Calculate 2 - ((-2 - -2) + (0 - -3)).
-1
What is -1 + -2 - (1 + -4)?
0
Evaluate 4 + 4 + 2 + -5.
5
4 + -8 - (0 + -1 + -2)
-1
1 - (-6 - (0 + -4) - -3)
0
What is (0 + -23 - -10) + 7?
-6
What is the value of 0 - 2 - (3 - 9)?
4
Evaluate -54 + 64 + -5 + -1 + -1.
3
Calculate (-1 - -4) + (-18 - -10).
-5
What is the value of (4 + 4 + -4 - 1) + 1?
4
-4 - (-4 - (1 + -5 + -1))
-5
Calculate -23 + 18 - -14 - (-1 - -